{"id":304,"date":"2022-12-23T13:58:50","date_gmt":"2022-12-23T13:58:50","guid":{"rendered":"https:\/\/qwebby.co\/duza-strona-parafia\/?page_id=304"},"modified":"2024-07-17T15:18:44","modified_gmt":"2024-07-17T15:18:44","slug":"aktualnosci","status":"publish","type":"page","link":"https:\/\/qwebby.co\/duza-strona-parafia\/aktualnosci\/","title":{"rendered":"Aktualno\u015bci"},"content":{"rendered":"\t\t<div data-elementor-type=\"wp-page\" data-elementor-id=\"304\" class=\"elementor elementor-304\">\n\t\t\t\t\t\t<section class=\"elementor-section elementor-top-section elementor-element elementor-element-23f0c1c elementor-section-height-min-height elementor-section-items-bottom elementor-section-boxed elementor-section-height-default\" data-id=\"23f0c1c\" data-element_type=\"section\" data-e-type=\"section\" data-settings=\"{&quot;background_background&quot;:&quot;classic&quot;}\">\n\t\t\t\t\t\t\t<div class=\"elementor-background-overlay\"><\/div>\n\t\t\t\t\t\t\t<div class=\"elementor-container elementor-column-gap-default\">\n\t\t\t\t\t<div class=\"elementor-column elementor-col-100 elementor-top-column elementor-element elementor-element-a2b5f65\" data-id=\"a2b5f65\" data-element_type=\"column\" data-e-type=\"column\">\n\t\t\t<div class=\"elementor-widget-wrap elementor-element-populated\">\n\t\t\t\t\t\t<div class=\"elementor-element elementor-element-4fe022b elementor-widget elementor-widget-heading\" data-id=\"4fe022b\" data-element_type=\"widget\" data-e-type=\"widget\" data-widget_type=\"heading.default\">\n\t\t\t\t<div class=\"elementor-widget-container\">\n\t\t\t\t\t<h2 class=\"elementor-heading-title elementor-size-default\">AKTUALNO\u015aCI<\/h2>\t\t\t\t<\/div>\n\t\t\t\t<\/div>\n\t\t\t\t\t<\/div>\n\t\t<\/div>\n\t\t\t\t\t<\/div>\n\t\t<\/section>\n\t\t\t\t<section class=\"elementor-section elementor-top-section elementor-element elementor-element-b9c6f52 elementor-section-boxed elementor-section-height-default elementor-section-height-default\" data-id=\"b9c6f52\" data-element_type=\"section\" data-e-type=\"section\">\n\t\t\t\t\t\t<div class=\"elementor-container elementor-column-gap-default\">\n\t\t\t\t\t<div class=\"elementor-column elementor-col-100 elementor-top-column elementor-element elementor-element-924bbd3\" data-id=\"924bbd3\" data-element_type=\"column\" data-e-type=\"column\">\n\t\t\t<div class=\"elementor-widget-wrap elementor-element-populated\">\n\t\t\t\t\t\t<div class=\"elementor-element elementor-element-b1b32aa premium-blog-align-center elementor-widget elementor-widget-premium-addon-blog\" data-id=\"b1b32aa\" data-element_type=\"widget\" data-e-type=\"widget\" data-settings=\"{&quot;premium_blog_columns_number&quot;:&quot;33.33%&quot;,&quot;premium_blog_grid&quot;:&quot;yes&quot;,&quot;premium_blog_layout&quot;:&quot;even&quot;,&quot;premium_blog_columns_number_tablet&quot;:&quot;50%&quot;,&quot;premium_blog_columns_number_mobile&quot;:&quot;100%&quot;}\" data-widget_type=\"premium-addon-blog.default\">\n\t\t\t\t<div class=\"elementor-widget-container\">\n\t\t\t\t\t\n\t\t\n\n\t\t\t\t<div class=\"premium-blog-wrap  premium-blog-even\" data-page=\"304\">\n\t\t\t\t\t\t\t\t\t<div class=\"premium-blog-post-outer-container\" data-total=\"1\">\n\t\t\t<div class=\"premium-blog-post-container premium-blog-skin-classic\">\n\t\t\t\t\t\t\t\t\t<div class=\"premium-blog-thumb-effect-wrapper\">\n\t\t\t\t\t\t<div class=\"premium-blog-thumbnail-container premium-blog-zoomin-effect\">\n\t\t\t\t\t\t\t<img fetchpriority=\"high\" decoding=\"async\" width=\"440\" height=\"259\" src=\"https:\/\/qwebby.co\/duza-strona-parafia\/wp-content\/uploads\/2023\/03\/OGLOSZENIA_PAR.png\" class=\"attachment-full size-full wp-image-846\" alt=\"\" srcset=\"https:\/\/qwebby.co\/duza-strona-parafia\/wp-content\/uploads\/2023\/03\/OGLOSZENIA_PAR.png 440w, https:\/\/qwebby.co\/duza-strona-parafia\/wp-content\/uploads\/2023\/03\/OGLOSZENIA_PAR-300x177.png 300w\" sizes=\"(max-width: 440px) 100vw, 440px\" \/>\t\t\t\t\t\t<\/div>\n\t\t\t\t\t\t\t\t\t\t\t\t\t<div class=\"premium-blog-thumbnail-overlay\">\n\t\t\t\t\t\t\t\t<a class=\"elementor-icon\" href=\"https:\/\/qwebby.co\/duza-strona-parafia\/ogloszenie-25-12-2022\/\" target=\"_self\"><\/a>\n\t\t\t\t\t\t\t<\/div>\n\n\t\t\t\t\t\t\t\t\t\t\t\t\t\t\t\t\t\t<\/div>\n\t\t\t\t\t\t\t\t\t\t\t\t<div class=\"premium-blog-content-wrapper \">\n\n\t\t\t\t\t<div class=\"premium-blog-inner-container\">\n\n\t\t\t\t\t\t\t\t\t\t\t\t\t\t<h2 class=\"premium-blog-entry-title\">\n\t\t\t<a href=\"https:\/\/qwebby.co\/duza-strona-parafia\/ogloszenie-25-12-2022\/\" target=\"_self\">\n\t\t\t\tOg\u0142oszenia 25.12.2022\t\t\t<\/a>\n\t\t<\/h2>\n\t\t\t\t<div class=\"premium-blog-entry-meta\">\n\t\t\t\n\t\t\t\n\t\t\t\n\t\t\t\t\t<\/div>\n\t\t\n\t\t\t\t\t<\/div>\n\n\t\t\t\t\t\t\t\t\t\t\n\t\t\t\t<\/div>\n\t\t\t<\/div>\n\t\t<\/div>\n\n\t\t\t\t<div class=\"premium-blog-post-outer-container\" data-total=\"1\">\n\t\t\t<div class=\"premium-blog-post-container premium-blog-skin-classic\">\n\t\t\t\t\t\t\t\t\t<div class=\"premium-blog-thumb-effect-wrapper\">\n\t\t\t\t\t\t<div class=\"premium-blog-thumbnail-container premium-blog-zoomin-effect\">\n\t\t\t\t\t\t\t<img fetchpriority=\"high\" decoding=\"async\" width=\"440\" height=\"259\" src=\"https:\/\/qwebby.co\/duza-strona-parafia\/wp-content\/uploads\/2023\/03\/OGLOSZENIA_PAR.png\" class=\"attachment-full size-full wp-image-846\" alt=\"\" srcset=\"https:\/\/qwebby.co\/duza-strona-parafia\/wp-content\/uploads\/2023\/03\/OGLOSZENIA_PAR.png 440w, https:\/\/qwebby.co\/duza-strona-parafia\/wp-content\/uploads\/2023\/03\/OGLOSZENIA_PAR-300x177.png 300w\" sizes=\"(max-width: 440px) 100vw, 440px\" \/>\t\t\t\t\t\t<\/div>\n\t\t\t\t\t\t\t\t\t\t\t\t\t<div class=\"premium-blog-thumbnail-overlay\">\n\t\t\t\t\t\t\t\t<a class=\"elementor-icon\" href=\"https:\/\/qwebby.co\/duza-strona-parafia\/ogloszenie-18-12-2022\/\" target=\"_self\"><\/a>\n\t\t\t\t\t\t\t<\/div>\n\n\t\t\t\t\t\t\t\t\t\t\t\t\t\t\t\t\t\t<\/div>\n\t\t\t\t\t\t\t\t\t\t\t\t<div class=\"premium-blog-content-wrapper \">\n\n\t\t\t\t\t<div class=\"premium-blog-inner-container\">\n\n\t\t\t\t\t\t\t\t\t\t\t\t\t\t<h2 class=\"premium-blog-entry-title\">\n\t\t\t<a href=\"https:\/\/qwebby.co\/duza-strona-parafia\/ogloszenie-18-12-2022\/\" target=\"_self\">\n\t\t\t\tOg\u0142oszenia 18.12.2022\t\t\t<\/a>\n\t\t<\/h2>\n\t\t\t\t<div class=\"premium-blog-entry-meta\">\n\t\t\t\n\t\t\t\n\t\t\t\n\t\t\t\t\t<\/div>\n\t\t\n\t\t\t\t\t<\/div>\n\n\t\t\t\t\t\t\t\t\t\t\n\t\t\t\t<\/div>\n\t\t\t<\/div>\n\t\t<\/div>\n\n\t\t\t\t<div class=\"premium-blog-post-outer-container\" data-total=\"1\">\n\t\t\t<div class=\"premium-blog-post-container premium-blog-skin-classic\">\n\t\t\t\t\t\t\t\t\t<div class=\"premium-blog-thumb-effect-wrapper\">\n\t\t\t\t\t\t<div class=\"premium-blog-thumbnail-container premium-blog-zoomin-effect\">\n\t\t\t\t\t\t\t<img fetchpriority=\"high\" decoding=\"async\" width=\"440\" height=\"259\" src=\"https:\/\/qwebby.co\/duza-strona-parafia\/wp-content\/uploads\/2023\/03\/OGLOSZENIA_PAR.png\" class=\"attachment-full size-full wp-image-846\" alt=\"\" srcset=\"https:\/\/qwebby.co\/duza-strona-parafia\/wp-content\/uploads\/2023\/03\/OGLOSZENIA_PAR.png 440w, https:\/\/qwebby.co\/duza-strona-parafia\/wp-content\/uploads\/2023\/03\/OGLOSZENIA_PAR-300x177.png 300w\" sizes=\"(max-width: 440px) 100vw, 440px\" \/>\t\t\t\t\t\t<\/div>\n\t\t\t\t\t\t\t\t\t\t\t\t\t<div class=\"premium-blog-thumbnail-overlay\">\n\t\t\t\t\t\t\t\t<a class=\"elementor-icon\" href=\"https:\/\/qwebby.co\/duza-strona-parafia\/ogloszenie-11-12-2022\/\" target=\"_self\"><\/a>\n\t\t\t\t\t\t\t<\/div>\n\n\t\t\t\t\t\t\t\t\t\t\t\t\t\t\t\t\t\t<\/div>\n\t\t\t\t\t\t\t\t\t\t\t\t<div class=\"premium-blog-content-wrapper \">\n\n\t\t\t\t\t<div class=\"premium-blog-inner-container\">\n\n\t\t\t\t\t\t\t\t\t\t\t\t\t\t<h2 class=\"premium-blog-entry-title\">\n\t\t\t<a href=\"https:\/\/qwebby.co\/duza-strona-parafia\/ogloszenie-11-12-2022\/\" target=\"_self\">\n\t\t\t\tOg\u0142oszenia 11.12.2022\t\t\t<\/a>\n\t\t<\/h2>\n\t\t\t\t<div class=\"premium-blog-entry-meta\">\n\t\t\t\n\t\t\t\n\t\t\t\n\t\t\t\t\t<\/div>\n\t\t\n\t\t\t\t\t<\/div>\n\n\t\t\t\t\t\t\t\t\t\t\n\t\t\t\t<\/div>\n\t\t\t<\/div>\n\t\t<\/div>\n\n\t\t\t\t\t\t\t<\/div>\n\n\t\t\n\t\t\n\t\t\t\t\t\t<\/div>\n\t\t\t\t<\/div>\n\t\t\t\t\t<\/div>\n\t\t<\/div>\n\t\t\t\t\t<\/div>\n\t\t<\/section>\n\t\t\t\t<section class=\"elementor-section elementor-top-section elementor-element elementor-element-62e08c4 elementor-section-boxed elementor-section-height-default elementor-section-height-default\" data-id=\"62e08c4\" data-element_type=\"section\" data-e-type=\"section\">\n\t\t\t\t\t\t<div class=\"elementor-container elementor-column-gap-default\">\n\t\t\t\t\t<div class=\"elementor-column elementor-col-100 elementor-top-column elementor-element elementor-element-69bfed2\" data-id=\"69bfed2\" data-element_type=\"column\" data-e-type=\"column\">\n\t\t\t<div class=\"elementor-widget-wrap elementor-element-populated\">\n\t\t\t\t\t\t<div class=\"elementor-element elementor-element-c2c4f3d elementor-widget elementor-widget-heading\" data-id=\"c2c4f3d\" data-element_type=\"widget\" data-e-type=\"widget\" data-widget_type=\"heading.default\">\n\t\t\t\t<div class=\"elementor-widget-container\">\n\t\t\t\t\t<h2 class=\"elementor-heading-title elementor-size-default\">CO NOWEGO?<\/h2>\t\t\t\t<\/div>\n\t\t\t\t<\/div>\n\t\t\t\t<div class=\"elementor-element elementor-element-51b1f4f elementor-widget-divider--view-line elementor-widget elementor-widget-divider\" data-id=\"51b1f4f\" data-element_type=\"widget\" data-e-type=\"widget\" data-widget_type=\"divider.default\">\n\t\t\t\t<div class=\"elementor-widget-container\">\n\t\t\t\t\t\t\t<div class=\"elementor-divider\">\n\t\t\t<span class=\"elementor-divider-separator\">\n\t\t\t\t\t\t<\/span>\n\t\t<\/div>\n\t\t\t\t\t\t<\/div>\n\t\t\t\t<\/div>\n\t\t\t\t<div class=\"elementor-element elementor-element-c95f48c premium-blog-align-center premium-blog-cta-full-yes elementor-widget elementor-widget-premium-addon-blog\" data-id=\"c95f48c\" data-element_type=\"widget\" data-e-type=\"widget\" data-settings=\"{&quot;premium_blog_columns_number&quot;:&quot;33.33%&quot;,&quot;premium_blog_grid&quot;:&quot;yes&quot;,&quot;premium_blog_layout&quot;:&quot;even&quot;,&quot;premium_blog_columns_number_tablet&quot;:&quot;50%&quot;,&quot;premium_blog_columns_number_mobile&quot;:&quot;100%&quot;}\" data-widget_type=\"premium-addon-blog.default\">\n\t\t\t\t<div class=\"elementor-widget-container\">\n\t\t\t\t\t\n\t\t\n\n\t\t\t\t<div class=\"premium-blog-wrap  premium-blog-even\" data-page=\"304\" data-pagination=\"true\">\n\t\t\t\t\t\t\t\t\t<div class=\"premium-blog-post-outer-container\" data-total=\"3\">\n\t\t\t<div class=\"premium-blog-post-container premium-blog-skin-classic\">\n\t\t\t\t\t\t\t\t\t<div class=\"premium-blog-thumb-effect-wrapper\">\n\t\t\t\t\t\t<div class=\"premium-blog-thumbnail-container premium-blog-zoomin-effect\">\n\t\t\t\t\t\t\t<img decoding=\"async\" width=\"440\" height=\"259\" src=\"https:\/\/qwebby.co\/duza-strona-parafia\/wp-content\/uploads\/2023\/03\/Mask-Group-53.png\" class=\"attachment-full size-full wp-image-823\" alt=\"\" srcset=\"https:\/\/qwebby.co\/duza-strona-parafia\/wp-content\/uploads\/2023\/03\/Mask-Group-53.png 440w, https:\/\/qwebby.co\/duza-strona-parafia\/wp-content\/uploads\/2023\/03\/Mask-Group-53-300x177.png 300w\" sizes=\"(max-width: 440px) 100vw, 440px\" \/>\t\t\t\t\t\t<\/div>\n\t\t\t\t\t\t\t\t\t\t\t\t\t<div class=\"premium-blog-thumbnail-overlay\">\n\t\t\t\t\t\t\t\t<a class=\"elementor-icon\" href=\"https:\/\/qwebby.co\/duza-strona-parafia\/przykladowy-wpis-7\/\" target=\"_self\"><\/a>\n\t\t\t\t\t\t\t<\/div>\n\n\t\t\t\t\t\t\t\t\t\t\t\t\t\t\t\t\t\t<\/div>\n\t\t\t\t\t\t\t\t\t\t\t\t<div class=\"premium-blog-content-wrapper \">\n\n\t\t\t\t\t<div class=\"premium-blog-inner-container\">\n\n\t\t\t\t\t\t\t\t\t\t\t\t\t\t<h2 class=\"premium-blog-entry-title\">\n\t\t\t<a href=\"https:\/\/qwebby.co\/duza-strona-parafia\/przykladowy-wpis-7\/\" target=\"_self\">\n\t\t\t\tPrzyk\u0142adowy wpis 7\t\t\t<\/a>\n\t\t<\/h2>\n\t\t\t\t<div class=\"premium-blog-entry-meta\">\n\t\t\t\n\t\t\t\n\t\t\t\n\t\t\t\t\t<\/div>\n\t\t\n\t\t\t\t\t<\/div>\n\n\t\t\t\t\t\t\t<div class=\"premium-blog-content-inner-wrapper\">\n\t\t<p class=\"premium-blog-post-content\">Lorem ipsum dolor sit amet consectetur adipiscing elit. Proin eu fermentum orci, at accumsan dolor. Phasellus porttitor magna tortor, eu sollicitudin metus<\/p><div class=\"premium-blog-excerpt-link-wrap\"><a href=\"https:\/\/qwebby.co\/duza-strona-parafia\/przykladowy-wpis-7\/\" target=\"_self\" class=\"premium-blog-excerpt-link elementor-button\">Wi\u0119cej &gt;&gt;<\/a><\/div>\t\t<\/div>\n\t\t\t\t\t\t\t\n\t\t\t\t<\/div>\n\t\t\t<\/div>\n\t\t<\/div>\n\n\t\t\t\t<div class=\"premium-blog-post-outer-container\" data-total=\"3\">\n\t\t\t<div class=\"premium-blog-post-container premium-blog-skin-classic\">\n\t\t\t\t\t\t\t\t\t<div class=\"premium-blog-thumb-effect-wrapper\">\n\t\t\t\t\t\t<div class=\"premium-blog-thumbnail-container premium-blog-zoomin-effect\">\n\t\t\t\t\t\t\t<img decoding=\"async\" width=\"440\" height=\"259\" src=\"https:\/\/qwebby.co\/duza-strona-parafia\/wp-content\/uploads\/2023\/03\/Mask-Group-51.png\" class=\"attachment-full size-full wp-image-816\" alt=\"\" srcset=\"https:\/\/qwebby.co\/duza-strona-parafia\/wp-content\/uploads\/2023\/03\/Mask-Group-51.png 440w, https:\/\/qwebby.co\/duza-strona-parafia\/wp-content\/uploads\/2023\/03\/Mask-Group-51-300x177.png 300w\" sizes=\"(max-width: 440px) 100vw, 440px\" \/>\t\t\t\t\t\t<\/div>\n\t\t\t\t\t\t\t\t\t\t\t\t\t<div class=\"premium-blog-thumbnail-overlay\">\n\t\t\t\t\t\t\t\t<a class=\"elementor-icon\" href=\"https:\/\/qwebby.co\/duza-strona-parafia\/przykladowy-wpis-6\/\" target=\"_self\"><\/a>\n\t\t\t\t\t\t\t<\/div>\n\n\t\t\t\t\t\t\t\t\t\t\t\t\t\t\t\t\t\t<\/div>\n\t\t\t\t\t\t\t\t\t\t\t\t<div class=\"premium-blog-content-wrapper \">\n\n\t\t\t\t\t<div class=\"premium-blog-inner-container\">\n\n\t\t\t\t\t\t\t\t\t\t\t\t\t\t<h2 class=\"premium-blog-entry-title\">\n\t\t\t<a href=\"https:\/\/qwebby.co\/duza-strona-parafia\/przykladowy-wpis-6\/\" target=\"_self\">\n\t\t\t\tPrzyk\u0142adowy wpis 6\t\t\t<\/a>\n\t\t<\/h2>\n\t\t\t\t<div class=\"premium-blog-entry-meta\">\n\t\t\t\n\t\t\t\n\t\t\t\n\t\t\t\t\t<\/div>\n\t\t\n\t\t\t\t\t<\/div>\n\n\t\t\t\t\t\t\t<div class=\"premium-blog-content-inner-wrapper\">\n\t\t<p class=\"premium-blog-post-content\">Lorem ipsum dolor sit amet consectetur adipiscing elit. Proin eu fermentum orci, at accumsan dolor. Phasellus porttitor magna tortor, eu sollicitudin metus<\/p><div class=\"premium-blog-excerpt-link-wrap\"><a href=\"https:\/\/qwebby.co\/duza-strona-parafia\/przykladowy-wpis-6\/\" target=\"_self\" class=\"premium-blog-excerpt-link elementor-button\">Wi\u0119cej &gt;&gt;<\/a><\/div>\t\t<\/div>\n\t\t\t\t\t\t\t\n\t\t\t\t<\/div>\n\t\t\t<\/div>\n\t\t<\/div>\n\n\t\t\t\t<div class=\"premium-blog-post-outer-container\" data-total=\"3\">\n\t\t\t<div class=\"premium-blog-post-container premium-blog-skin-classic\">\n\t\t\t\t\t\t\t\t\t<div class=\"premium-blog-thumb-effect-wrapper\">\n\t\t\t\t\t\t<div class=\"premium-blog-thumbnail-container premium-blog-zoomin-effect\">\n\t\t\t\t\t\t\t<img decoding=\"async\" width=\"440\" height=\"259\" src=\"https:\/\/qwebby.co\/duza-strona-parafia\/wp-content\/uploads\/2023\/03\/Mask-Group-51.png\" class=\"attachment-full size-full wp-image-816\" alt=\"\" srcset=\"https:\/\/qwebby.co\/duza-strona-parafia\/wp-content\/uploads\/2023\/03\/Mask-Group-51.png 440w, https:\/\/qwebby.co\/duza-strona-parafia\/wp-content\/uploads\/2023\/03\/Mask-Group-51-300x177.png 300w\" sizes=\"(max-width: 440px) 100vw, 440px\" \/>\t\t\t\t\t\t<\/div>\n\t\t\t\t\t\t\t\t\t\t\t\t\t<div class=\"premium-blog-thumbnail-overlay\">\n\t\t\t\t\t\t\t\t<a class=\"elementor-icon\" href=\"https:\/\/qwebby.co\/duza-strona-parafia\/przykladowy-wpis-5\/\" target=\"_self\"><\/a>\n\t\t\t\t\t\t\t<\/div>\n\n\t\t\t\t\t\t\t\t\t\t\t\t\t\t\t\t\t\t<\/div>\n\t\t\t\t\t\t\t\t\t\t\t\t<div class=\"premium-blog-content-wrapper \">\n\n\t\t\t\t\t<div class=\"premium-blog-inner-container\">\n\n\t\t\t\t\t\t\t\t\t\t\t\t\t\t<h2 class=\"premium-blog-entry-title\">\n\t\t\t<a href=\"https:\/\/qwebby.co\/duza-strona-parafia\/przykladowy-wpis-5\/\" target=\"_self\">\n\t\t\t\tPrzyk\u0142adowy wpis 5\t\t\t<\/a>\n\t\t<\/h2>\n\t\t\t\t<div class=\"premium-blog-entry-meta\">\n\t\t\t\n\t\t\t\n\t\t\t\n\t\t\t\t\t<\/div>\n\t\t\n\t\t\t\t\t<\/div>\n\n\t\t\t\t\t\t\t<div class=\"premium-blog-content-inner-wrapper\">\n\t\t<p class=\"premium-blog-post-content\">Lorem ipsum dolor sit amet consectetur adipiscing elit. Proin eu fermentum orci, at accumsan dolor. Phasellus porttitor magna tortor, eu sollicitudin metus<\/p><div class=\"premium-blog-excerpt-link-wrap\"><a href=\"https:\/\/qwebby.co\/duza-strona-parafia\/przykladowy-wpis-5\/\" target=\"_self\" class=\"premium-blog-excerpt-link elementor-button\">Wi\u0119cej &gt;&gt;<\/a><\/div>\t\t<\/div>\n\t\t\t\t\t\t\t\n\t\t\t\t<\/div>\n\t\t\t<\/div>\n\t\t<\/div>\n\n\t\t\t\t\t\t\t<\/div>\n\n\t\t\t\t\t<div class=\"premium-blog-footer\">\n\t\t\t\t\t\t\t<nav class=\"premium-blog-pagination-container\" role=\"navigation\" aria-label=\"Pagination\">\n\t\t\t\t<span aria-current=\"page\" class=\"page-numbers current\">1<\/span>\n<a class=\"page-numbers\" href=\"https:\/\/qwebby.co\/duza-strona-parafia\/wp-json\/wp\/v2\/pages\/304\/page\/2\/\">2<\/a>\n<a class=\"page-numbers\" href=\"https:\/\/qwebby.co\/duza-strona-parafia\/wp-json\/wp\/v2\/pages\/304\/page\/3\/\">3<\/a>\t\t\t<\/nav>\n\t\t\t\t\t\t<\/div>\n\t\t\n\t\t\n\t\t\t\t\t\t<\/div>\n\t\t\t\t<\/div>\n\t\t\t\t\t<\/div>\n\t\t<\/div>\n\t\t\t\t\t<\/div>\n\t\t<\/section>\n\t\t\t\t<\/div>\n\t\t","protected":false},"excerpt":{"rendered":"<p>AKTUALNO\u015aCI Og\u0142oszenia 25.12.2022 Og\u0142oszenia 25.12.2022 Og\u0142oszenia 18.12.2022 Og\u0142oszenia 18.12.2022 Og\u0142oszenia 11.12.2022 Og\u0142oszenia 11.12.2022 CO NOWEGO? Przyk\u0142adowy wpis 7 Przyk\u0142adowy wpis 7 Lorem ipsum dolor sit amet consectetur adipiscing elit. Proin eu fermentum orci, at accumsan dolor. Phasellus porttitor magna tortor, eu sollicitudin metus Wi\u0119cej &gt;&gt; Przyk\u0142adowy wpis 6 Przyk\u0142adowy wpis 6 Lorem ipsum dolor sit [&hellip;]<\/p>\n","protected":false},"author":1,"featured_media":0,"parent":0,"menu_order":0,"comment_status":"closed","ping_status":"closed","template":"elementor_header_footer","meta":{"footnotes":""},"class_list":["post-304","page","type-page","status-publish","hentry"],"_links":{"self":[{"href":"https:\/\/qwebby.co\/duza-strona-parafia\/wp-json\/wp\/v2\/pages\/304","targetHints":{"allow":["GET"]}}],"collection":[{"href":"https:\/\/qwebby.co\/duza-strona-parafia\/wp-json\/wp\/v2\/pages"}],"about":[{"href":"https:\/\/qwebby.co\/duza-strona-parafia\/wp-json\/wp\/v2\/types\/page"}],"author":[{"embeddable":true,"href":"https:\/\/qwebby.co\/duza-strona-parafia\/wp-json\/wp\/v2\/users\/1"}],"replies":[{"embeddable":true,"href":"https:\/\/qwebby.co\/duza-strona-parafia\/wp-json\/wp\/v2\/comments?post=304"}],"version-history":[{"count":58,"href":"https:\/\/qwebby.co\/duza-strona-parafia\/wp-json\/wp\/v2\/pages\/304\/revisions"}],"predecessor-version":[{"id":1092,"href":"https:\/\/qwebby.co\/duza-strona-parafia\/wp-json\/wp\/v2\/pages\/304\/revisions\/1092"}],"wp:attachment":[{"href":"https:\/\/qwebby.co\/duza-strona-parafia\/wp-json\/wp\/v2\/media?parent=304"}],"curies":[{"name":"wp","href":"https:\/\/api.w.org\/{rel}","templated":true}]}}